me factors of 68594249?
68594249
List the prime factors of 98834014.
2, 31, 1594097
List the prime factors of 93271511.
29, 3216259
List the prime factors of 1074296835.
3, 5, 73, 157, 2083
What are the prime factors of 9344953?
163, 57331
List the prime factors of 68253043.
68253043
What are the prime factors of 6606868?
2, 37, 44641
List the prime factors of 157512282.
2, 3, 29, 113, 8011
List the prime factors of 94821512.
2, 17, 697217
List the prime factors of 349700670.
2, 3, 5, 11, 59, 5987
What are the prime factors of 2171974561?
71, 30591191
List the prime factors of 195952119.
3, 11, 71, 7603
What are the prime factors of 360809470?
2, 5, 7, 5154421
What are the prime factors of 6835357752?
2, 3, 9151, 31123
What are the prime factors of 730184751?
3, 37, 2192747
What are the prime factors of 242698064?
2, 7, 2166947
What are the prime factors of 79797325?
5, 3191893
List the prime factors of 47201780.
2, 5, 2360089
What are the prime factors of 955321022?
2, 477660511
What are the prime factors of 162021907?
8447, 19181
What are the prime factors of 155026138?
2, 181, 428249
List the prime factors of 83288865.
3, 5, 11, 17, 23, 1291
What are the prime factors of 1454074184?
2, 41, 751, 5903
List the prime factors of 310630474.
2, 7, 11, 233, 787
What are the prime factors of 471482371?
97, 4860643
What are the prime factors of 342597089?
31, 11051519
List the prime factors of 80208627.
3, 83, 3881
What are the prime factors of 118876695?
3, 5, 7, 197, 821
List the prime factors of 14435685.
3, 5, 11, 9721
What are the prime factors of 14097447?
3, 7, 13, 2459
List the prime factors of 181166930.
2, 5, 7, 241, 10739
What are the prime factors of 1916570014?
2, 19, 149, 338497
List the prime factors of 1121900278.
2, 17, 719, 45893
List the prime factors of 1637592521.
41, 43, 107, 8681
List the prime factors of 21773191.
11, 31, 67, 953
What are the prime factors of 274058523?
3, 167, 182341
What are the prime factors of 2285109894?
2, 3, 380851649
What are the prime factors of 38475148?
2, 17, 83, 401
List the prime factors of 295511.
17, 17383
What are the prime factors of 200453867?
200453867
List the prime factors of 3229864238.
2, 17, 109, 331, 2633
List the prime factors of 14238839.
14238839
What are the prime factors of 160429219?
881, 182099
List the prime factors of 182857113.
3, 43, 79, 5981
List the prime factors of 390211580.
2, 5, 11, 1773689
What are the prime factors of 30791995?
5, 13, 473723
List the prime factors of 360382853.
643, 560471
What are the prime factors of 1768870?
2, 5, 176887
List the prime factors of 51845877.
3, 311, 18523
What are the prime factors of 45072757?
29, 1554233
List the prime factors of 3724484822.
2, 173, 373, 28859
List the prime factors of 25390105.
5, 13, 47, 8311
What are the prime factors of 192251862?
2, 3, 11, 970969
What are the prime factors of 141360922?
2, 263, 268747
List the prime factors of 131598067.
7243, 18169
List the prime factors of 10388096.
2, 81157
What are the prime factors of 132597319?
271, 379, 1291
What are the prime factors of 162188235?
3, 5, 11, 547, 599
List the prime factors of 461723427.
3, 11, 19, 41, 5987
List the prime factors of 241772564.
2, 11, 1831, 3001
List the prime factors of 413410712.
2, 11, 13, 361373
List the prime factors of 17257128.
2, 3, 7, 139, 739
List the prime factors of 42667117.
47, 907811
What are the prime factors of 4393625228?
2, 163, 6738689
List the prime factors of 136329511.
17, 2803, 2861
List the prime factors of 1306728866.
2, 653364433
What are the prime factors of 45513022?
2, 31, 103, 7127
What are the prime factors of 196591859?
17, 11564227
What are the prime factors of 58801061?
11, 151, 35401
What are the prime factors of 1371796?
2, 342949
What are the prime factors of 72475470?
2, 3, 5, 151, 5333
What are the prime factors of 5136813862?
2, 2568406931
List the prime factors of 3852534341.
269, 1669, 8581
What are the prime factors of 264854973?
3, 88284991
List the prime factors of 76139027.
2347, 32441
What are the prime factors of 908530266?
2, 3, 7, 569, 5431
What are the prime factors of 9728270?
2, 5, 972827
List the prime factors of 164081103.
3, 23, 197, 12071
List the prime factors of 7804861529.
149, 52381621
List the prime factors of 56222401.
107, 181, 2903
List the prime factors of 686652288.
2, 3, 7, 36493
What are the prime factors of 71655039?
3, 2551, 3121
List the prime factors of 5465427.
3, 11, 29, 5711
What are the prime factors of 206388679?
7, 29, 191, 5323
What are the prime factors of 6534564078?
2, 3, 7, 211, 599, 1231
What are the prime factors of 96388420?
2, 5, 163, 29567
List the prime factors of 547207434.
2, 3, 541, 18731
What are the prime factors of 53728389?
3, 11, 13, 109, 383
What are the prime factors of 231726288?
2, 3, 23, 431, 487
List the prime factors of 1783094290.
2, 5, 29, 6148601
What are the prime factors of 860742582?
2, 3, 7, 151, 135721
List the prime factors of 770841645.
3, 5, 7, 7341349
What are the prime factors of 5809632256?
2, 37, 153337
What are the prime factors of 120483861?
3, 547, 73421
What are the prime factors of 21466342?
2, 17, 37139
What are the prime factors of 3049449864?
2, 3, 47, 2703413
List the prime factors of 44487053.
13, 20249
List the prime factors of 135834541.
137, 991493
List the prime factors of 145444516.
2, 7, 97, 53551
List the prime factors of 1573080136.
2, 67, 683, 4297
What are the prime factors of 85998793?
547, 157219
List the prime factors of 4211280277.
1051, 4006927
List the prime factors of 238316223.
3, 37, 2146993
List the prime factors of 41892992.
2, 327289
List the prime factors of 475537305.
3, 5, 23, 47, 29327
What are the prime factors of 80511407?
80511407
List the prime factors of 3731261139.
3, 138194857
List the prime factors of 172977281.
11927, 14503
What are the prime factors of 114697163?
7, 71, 230779
What are the prime factors of 121264179?
3, 17, 2377729
List the prime factors of 31343300.
2, 5, 379, 827
What are the prime factors of 5513283137?
5513283137
What are the prime factors of 201487683?
3, 79, 823, 1033
What are the prime factors of 65189528?
2, 31, 83, 3167
What are the prime factors of 1203065315?
5, 240613063
What are the prime factors of 119348947?
353, 557, 607
List the prime factors of 4340323676.
2, 13, 83467763
List the prime factors of 941361872.
2, 11, 31, 47, 3671
What are the prime factors of 1644066117?
3, 89, 2052517
What are the prime factors of 1937860172?
2, 484465043
List the prime factors of 1021844493.
3, 29, 1553, 2521
What are the prime factors of 519288486?
2, 3, 61, 409, 3469
List the prime factors of 37658385.
3, 5, 29, 9619
List the prime factors of 3685726859.
3685726859
List the prime factors of 303518025.
3, 5, 1103, 1223
What are the prime factors of 2104852009?
13, 2843, 56951
What are the prime factors of 1183862631?
3, 7, 127, 443893
List the prime factors of 555826650.
2, 3, 5, 3705511
List the prime factors of 162010741.
647, 250403
List the prime factors of 59169524.
2, 23, 179, 3593
List the prime factors of 75745376.
2, 7, 67, 103
What are the prime factors of 34388459?
7, 1637, 3001
What are the prime factors of 55365988?
2, 29, 477293
List the prime factors of 1127455799.
1127455799
List the prime factors of 146614020.
2, 3, 5, 7, 349081
What are the prime factors of 323214064?
2, 17, 1188287
What are the prime factors of 411064479?
3, 7, 932119
What are the prime factors of 36935282?
2, 859, 21499
List the prime factors of 211033299.
3, 70344433
List the prime factors of 522020682.
2, 3, 29001149
What are the prime factors of 29897474?
2, 14948737
What are the prime factors of 280284?
2, 3, 23357
List the prime factors of 27328592.
2, 1708037
What are the prime factors of 98865976?
2, 11, 1123477
List the prime factors of 32591975.
5, 13, 17, 347
List the prime factors of 1040061949.
739, 1407391
List the prime factors of 15653415.
3, 5, 151, 6911
List the prime factors of 1170006499.
2333, 501503
List the prime factors of 539071611.
3, 13, 37, 397, 941
List the prime factors of 56297136.
2, 3, 7, 137, 1223
List the prime factors of 17069198.
2, 439, 19441
List the prime factors of 876647868.
2, 3, 743, 98323
What are the prime factors of 